 factor of 1782 and 34182324.
1782
What is the greatest common divisor of 3012275 and 207025?
1225
What is the highest common factor of 21957615 and 189?
27
What is the greatest common factor of 302442 and 65778?
114
Calculate the greatest common factor of 301 and 31245477.
43
What is the highest common divisor of 25770 and 3335970?
30
Calculate the highest common divisor of 113997506 and 14.
14
Calculate the greatest common divisor of 548539821 and 7893.
7893
Calculate the highest common divisor of 113449 and 804379.
853
Calculate the highest common divisor of 30899981 and 553.
553
What is the highest common divisor of 486446667 and 6?
3
What is the highest common divisor of 244353 and 30597?
141
Calculate the highest common factor of 36894 and 146938.
22
What is the highest common factor of 25373 and 125?
1
What is the greatest common factor of 1605 and 4857375?
15
Calculate the greatest common factor of 2615776 and 5024.
32
What is the greatest common divisor of 59475 and 168285?
195
What is the greatest common divisor of 500 and 2424020?
20
Calculate the highest common divisor of 160 and 9673180.
20
Calculate the highest common divisor of 28247 and 38023.
47
Calculate the highest common divisor of 27824 and 6196464.
592
What is the highest common divisor of 63452109 and 102?
51
Calculate the greatest common divisor of 82541 and 36185135.
1399
What is the greatest common factor of 770 and 401368?
22
Calculate the highest common divisor of 5306124 and 9.
3
Calculate the highest common divisor of 67851 and 19656.
189
What is the highest common divisor of 442435 and 805?
35
What is the greatest common divisor of 58176 and 48416?
32
What is the greatest common factor of 2235 and 1095597?
447
Calculate the greatest common divisor of 2518968 and 2163.
309
What is the highest common factor of 338334 and 3397892?
3638
What is the highest common factor of 190055 and 630?
5
Calculate the greatest common divisor of 165 and 37035108.
33
What is the greatest common factor of 287889 and 1365?
21
What is the highest common factor of 209 and 1146474516?
209
What is the highest common factor of 168 and 54482757?
21
What is the greatest common factor of 42900 and 3160700?
100
What is the highest common factor of 315 and 1472490?
45
What is the highest common divisor of 2378 and 861082?
82
What is the greatest common factor of 1145376 and 205?
41
Calculate the greatest common divisor of 18064000 and 27000.
1000
What is the highest common divisor of 49328 and 13744?
16
What is the greatest common divisor of 17 and 85034?
17
What is the greatest common factor of 739 and 120572284?
739
What is the highest common divisor of 34741586 and 22?
22
What is the highest common divisor of 1750 and 776510?
70
What is the greatest common factor of 5888 and 6730944?
64
What is the greatest common factor of 156 and 6867996?
12
What is the highest common factor of 387172 and 1118?
86
Calculate the highest common factor of 11770 and 88990.
110
What is the greatest common factor of 281940075 and 15?
15
Calculate the greatest common factor of 1773195 and 66.
3
What is the greatest common divisor of 33123 and 1173423?
543
Calculate the greatest common divisor of 11347725 and 16725.
75
Calculate the highest common divisor of 1805352784 and 1136.
1136
What is the highest common factor of 4501820 and 2480?
620
What is the greatest common divisor of 1013610 and 411207?
339
Calculate the highest common divisor of 228906 and 142884.
1458
Calculate the highest common divisor of 103599 and 1007852.
1279
Calculate the greatest common factor of 11049 and 118491.
381
Calculate the greatest common divisor of 2213610 and 635.
635
Calculate the greatest common factor of 141 and 86074954.
47
Calculate the greatest common factor of 1594502 and 728.
182
What is the highest common factor of 144 and 13544512?
16
Calculate the greatest common factor of 703299000 and 402.
402
Calculate the highest common divisor of 2231496 and 648.
216
Calculate the highest common factor of 10040 and 14357702.
502
Calculate the highest common divisor of 14048 and 5548082.
878
Calculate the greatest common factor of 15444 and 10065.
33
Calculate the greatest common divisor of 22780373 and 7315.
1463
What is the greatest common divisor of 230 and 15211510?
230
Calculate the greatest common factor of 2808200 and 190000.
3800
What is the greatest common divisor of 11047458 and 1704?
426
Calculate the highest common factor of 257984 and 70184.
8
What is the highest common factor of 1140000 and 5025?
75
Calculate the highest common divisor of 273467 and 51319.
703
Calculate the highest common factor of 88914 and 29393742.
3066
What is the highest common divisor of 589648 and 469088?
2192
What is the highest common divisor of 1493805 and 24645?
795
Calculate the greatest common factor of 193700934 and 2736.
342
Calculate the highest common factor of 165033589 and 35.
7
Calculate the highest common factor of 12600 and 93426900.
2100
Calculate the greatest common factor of 2208 and 3704064.
96
What is the highest common factor of 37 and 3609970971?
37
What is the greatest common factor of 5964 and 835457?
497
What is the greatest common divisor of 26973 and 323757?
81
Calculate the greatest common factor of 152937400 and 2800.
1400
Calculate the greatest common divisor of 49 and 1109801441.
49
Calculate the highest common factor of 52041570 and 114380.
1330
Calculate the greatest common factor of 12010834 and 253.
11
Calculate the greatest common divisor of 76766 and 381996.
262
Calculate the greatest common factor of 33705 and 166920.
1605
Calculate the highest common divisor of 248455 and 521400.
395
What is the greatest common factor of 631580803 and 7?
7
Calculate the greatest common factor of 154 and 49783398.
14
Calculate the highest common factor of 54653514 and 10434.
222
What is the greatest common divisor of 110752 and 11936?
32
What is the greatest common divisor of 10424 and 165724?
4
Calculate the greatest common factor of 394324 and 30044.
28
Calculate the highest common factor of 141288961 and 13189.
1199
What is the highest common factor of 15265 and 38989863?
3053
What is the highest common divisor of 311660775 and 2150?
1075
Calculate the highest common divisor of 10692 and 6332722.
22
Calculate the greatest common factor of 1708790 and 30.
10
Calculate the highest common factor of 106281 and 336924.
441
What is the highest common divisor of 387 and 711276846?
129
What is the highest common divisor of 295935 and 21839460?
2715
Calculate the highest common factor of 3552 and 34154592.
96
What is the greatest common factor of 2275611 and 48887?
1577
Calculate the greatest common divisor of 48852 and 67671702.
1062
What is the highest common divisor of 1074 and 274293335?
179
Calculate the greatest common divisor of 104228369 and 742.
371
Calculate the greatest common divisor of 22764 and 2099148.
12
What is the highest common divisor of 1772136 and 3322?
302
Calculate the greatest common divisor of 74217740 and 53620.
7660
Calculate the greatest common factor of 384381819 and 207.
207
What is the highest common factor of 783017 and 80424?
1117
What is the highest common factor of 11016 and 53441472?
408
Calculate the highest common divisor of 33111344 and 51568.
4688
What is the greatest common factor of 4849422910 and 6827?
6827
Calculate the highest common factor of 31 and 28273.
1
Calculate the greatest common factor of 1484405 and 37105.
205
Calculate the highest common divisor of 5538349 and 52044.
4337
What is the highest common factor of 29445 and 7208175?
195
Calculate the highest common factor of 59761719 and 98307.
8937
Calculate the highest common factor of 514508 and 1146229.
439
What is the greatest common factor of 10810 and 19157620?
230
What is the highest common factor of 2230 and 107390?
10
Calculate the greatest common divisor of 11279310 and 2548.
98
What is the greatest common factor of 2953916 and 23683?
2153
What is the greatest common factor of 4693 and 423186221?
361
What is the greatest common divisor of 1822 and 3686917210?
1822
What is the highest common factor of 7 and 14865073?
1
Calculate the greatest common factor of 4632 and 31431594.
1158
Calculate the highest common divi